*3 + 13*y**2 + 14*y - 12. Let q be 21*((-100)/12 - -9). Calculate s(q).
-12
Let n(m) = 3*m - 19. Let o be n(4). Let c(f) = -f**3 - 6*f**2 + 8*f - 5. Determine c(o).
-12
Let i(m) be the third derivative of -m**4/6 - m**3/3 - 5*m**2 - 14*m. What is i(-3)?
10
Let l = -30 - -31. Let j(o) = 0*o**2 + 25*o - 21*o - l - o**2. Calculate j(5).
-6
Let r be (-56)/(-56)*(4 + 1). Let h(l) = -l**3 + 4*l**2 + 2*l + 5. Calculate h(r).
-10
Let d(n) = -n**3 + n**2 + 6. Let q be d(0). Let k(t) = -t**2 - 3 + t + t + 0 - q*t. Determine k(-3).
0
Let v(d) = -17*d + 6. Let y(t) = -7*t + 3. Let u(i) = -2*v(i) + 5*y(i). Determine u(2).
1
Let b(u) be the third derivative of -u**5/60 + u**3/6 - 152*u**2. Calculate b(-2).
-3
Let w(i) = -i - 12. Let q(x) = 2*x**2 - 41*x + 148. Let r be q(5). Give w(r).
-5
Let h = -8 + 7. Let v = -5 - h. Let o(x) = -5*x**2 - 14*x - 32. Let t(d) = d**2 + 3*d + 6. Let s(k) = -2*o(k) - 11*t(k). What is s(v)?
2
Let g(x) be the second derivative of 7*x**3/6 - 3*x**2 - x - 188. Calculate g(3).
15
Let y(r) be the first derivative of -r**3/3 + r**2 + 4*r + 4. Suppose -9*a = -54 + 18. What is y(a)?
-4
Let b(w) = -w**2 - 2*w. Let a(q) = 62*q - 434. Let t be a(7). Calculate b(t).
0
Let h be ((-3)/(-1) - 741/273)*14. Let f(g) = -2*g**2 + 5*g - 14. Give f(h).
-26
Let o(j) = 2*j + 6 - j - 9. Suppose -2*s - 3*s = 5*p + 15, -p - 5 = 0. Suppose 0 = -2*k - s*k + 8. Give o(k).
-1
Let n(i) = -i**3 + 6*i**2 + 15*i + 8. Let p be n(8). Let a(l) be the third derivative of 0*l - 1/4*l**4 + 2*l**2 + p - 1/6*l**3. Determine a(-2).
11
Let z(x) be the third derivative of x**5/20 + x**3/6 + x**2 + 4*x. Determine z(1).
4
Let p = -11 + 8. Let m(o) = -6*o**3 - 10*o**2 - 7*o + 1. Let k = -17 + 23. Let a(y) = 7*y**3 + 11*y**2 + 8*y - 2. Let z(u) = k*m(u) + 5*a(u). What is z(p)?
-16
Suppose 0*v = v. Suppose n + v - 3 = 0. Let i(q) = -650 + 2*q**2 + 326 - 2*q + 328. Give i(n).
16
Suppose -3*y = m - 29, -2*y + 5*y = m - 11. Suppose 28 = m*i - 13*i. Let g(r) = r**2 - 2*r + 4. Determine g(i).
12
Let b(w) = -17*w + 2. Let a(r) = 2*r. Let p(m) = -5*a(m) - b(m). Determine p(-2).
-16
Let q(p) = -105 + 112 + 0*p - 2*p. Let m = 15 + -9. What is q(m)?
-5
Let w(y) = 149*y**3 - y**2 - 3*y + 6. Let a be w(2). Let t(j) = -1188*j + 5*j**3 + a*j - 1. What is t(1)?
4
Let i(y) = -115*y - 13. Let h(q) = -28*q - 3. Let z(s) = 9*h(s) - 2*i(s). Determine z(-1).
21
Let w(h) = -3*h**2 - 3*h - 1. Let g be (20/(-80))/(2/(-56)). Suppose g*a + 8 = 3*a. What is w(a)?
-7
Let u be 4/14*((-108)/(-4) + 1). Let b(i) be the third derivative of u*i**2 + 0*i + 1/12*i**4 + 0 + 1/2*i**3. Give b(-3).
-3
Let p(d) = -3*d**2 - 8*d - 3. Let y(q) = -13*q**2 - 33*q - 11. Let x(w) = -9*p(w) + 2*y(w). Give x(-6).
5
Let i(f) = -f**2 + f + 2. Let x be i(-2). Let y(j) be the third derivative of -j**6/120 - j**5/15 - j**4/12 - j**3/3 - 1993*j**2. Calculate y(x).
6
Let f(h) = h**2 + 3*h + 2. Let y = 17 + -14. Suppose y*c = -5 - 1. Calculate f(c).
0
Let t(n) be the first derivative of n**7/840 - n**6/90 + n**5/60 - n**4/24 - 5*n**3/3 - 8. Let f(g) be the third derivative of t(g). What is f(2)?
-5
Let l = -8 - 2. Let a = l + 13. Suppose p - 13 = 4*m, -a*p + 4*m + 9 + 6 = 0. Let j(f) = -2*f**3 + f. Determine j(p).
-1
Suppose 10*o + 40 + 20 = 0. Let b(q) = q**2 + 5*q - 8. What is b(o)?
-2
Let d(l) = 13*l - 17. Let r(h) = 4*h. Let p(y) = -d(y) + 3*r(y). Calculate p(0).
17
Let g(d) = 3*d. Let c(k) = -10*k. Let l(n) = -c(n) - 3*g(n). Give l(5).
5
Let m(c) be the first derivative of c**4/4 + 5*c**3/3 - 3*c**2 - 7*c - 27. Suppose 62 = 2*l + 18. Let b = 16 - l. Give m(b).
-7
Let s(m) = -m**2 - 6 - 7*m - m + 12*m + 0*m. Let r be s(3). Let u(n) = 7*n. What is u(r)?
-21
Let d(p) = 3*p - 3 + 0 - 2 + 8 - 1. Give d(7).
23
Let f(d) be the second derivative of d**4/12 + 3*d**3/2 + 7*d**2 - 45*d. What is f(-6)?
-4
Suppose 0*x + 3*x = 5*k + 9, 3*k + 12 = 4*x. Suppose k*p = 2*p + 6. Let l(v) = 1484*v - 955*v - 528*v + 3. What is l(p)?
0
Let c = -210 + 212. Let r(i) = -8*i. Determine r(c).
-16
Let v(x) be the first derivative of -x**4/4 - 2*x**3 + 3*x**2/2 + 12*x + 126. Calculate v(-6).
-6
Suppose -2*v + 84 = -0*v. Let b = -24 + v. Suppose -b = 2*h - 5*h. Let a(k) = k**3 - 5*k**2 - 7*k + 2. Determine a(h).
-4
Let p(n) = -4 - 4*n + 4 + n. Suppose -2*z - f + 6 = -2*f, -z - 8 = 5*f. Suppose -z*w = 5 + 3. Calculate p(w).
12
Let r(h) = -5 - 4*h**2 + 4 + 0 - 2*h**2 - 1 - 2*h. Determine r(2).
-30
Let b(h) = h + 5. Let v = 9 - 13. Let m(c) = 4 - 1 - 3 - c - 4. Let z(w) = v*b(w) - 5*m(w). Give z(-2).
-2
Suppose -3*k + 4*k = 2. Let t = 12 - 9. Let a(z) = z**2 + 1 - t*z + 4 - k*z - z. Give a(6).
5
Let q be -12*(-1 + 3/6). Let t(a) = 7*a + 0 - q*a - 2. Suppose -60*j = -58*j. Determine t(j).
-2
Let f(y) = -y**2 + 2*y + 4. Let j be f(2). Let k(g) = g + 5. Let h(z) = 2*z + 18. Let p(r) = -2*h(r) + 7*k(r). Give p(j).
11
Let l(f) be the second derivative of 0 + f**2 - f**3 + 1/6*f**4 + 2*f. Determine l(4).
10
Let s(m) = -m**2 - 9*m - 4. Let p be s(-8). Suppose 5*y + 11 = 4*y - 2*k, -p*y - k - 16 = 0. Let n(z) = z**2 - 3. Give n(y).
6
Let u(l) = l**2 - 6*l - 1. Let d(m) be the third derivative of m**5/60 - 7*m**4/24 + 2*m**3 - 19*m**2. Let p be d(6). What is u(p)?
-1
Let x(c) = 3*c**2 - 14*c - 7. Let y(p) = 5*p**2 - 27*p - 14. Let m(q) = 7*x(q) - 4*y(q). Let a = 44 - 50. Determine m(a).
-17
Let f(x) = -x**2 - 17*x + 4. Let j = 199 - 216. What is f(j)?
4
Let k(z) = -2 + 3*z**2 - z**2 - z**3 - 2*z + 0*z. Let h = 2771 - 2769. Calculate k(h).
-6
Suppose -f = 3*f - 4. Suppose -f = r - 3. Let j(o) = -2*o**2 - 2*o. Let y(x) = -5*x**2 - 6*x + 1. Let g(m) = 8*j(m) - 3*y(m). What is g(r)?
-3
Let j(c) be the second derivative of -c**5/20 - 7*c**4/12 + c**3/2 + 7*c**2/2 + 78*c. Calculate j(-7).
-14
Let f = -57 - -62. Let l be f - 0/(-2 + 3) - -1. Let a(v) = -v**2 + 9*v - 8. Calculate a(l).
10
Let d(s) = 2*s**3 + 4*s - 1. Let c(n) = 3*n**3 + 4*n - 1. Let r = 6 + 17. Let g = 19 - r. Let y(j) = g*d(j) + 3*c(j). Determine y(-3).
-14
Suppose 4*t = 16, 12 = o + 2*t - t. Let s(v) = -14*v**3 - 21*v**2 - v - 32. Let h(p) = -5*p**3 - 7*p**2 - 11. Let z(n) = 17*h(n) - 6*s(n). What is z(o)?
-11
Let w(h) = -5*h**2 - 28*h - 9. Let s be w(-5). Let a(z) = -6*z + 8. Calculate a(s).
-28
Suppose 3 = -l + 2. Let z be 0*l/(6/2). Let c(r) = r + 17. Determine c(z).
17
Suppose g + 14 = -0*g + 4*x, -5*g - 4*x = -50. Let m(p) = 2*p - g*p + 8*p + p**2 - 2*p**2. Let c = 60 + -56. Calculate m(c).
0
Let a(n) = -29 - 31 + 13*n + n**2 + 68. Give a(-13).
8
Let a(m) = m**2 + 9*m - 8. Let f be a(-10). Let x(v) = -7*v - 4 + 8 - v**3 + f*v + 6*v**2 - 3*v. Calculate x(5).
-11
Suppose 0 = 5*u - 52 + 2. Let q(k) = -3*k + 6 - 4*k + 2*k**3 - 13*k**2 + u*k**2 - k**3. Calculate q(4).
-6
Let l(n) = -5*n**3 + 5*n**2 - 5. Let s(v) = v**3 - v + 1. Let i(a) = l(a) + 4*s(a). What is i(3)?
5
Let u(l) = -17*l + 9. Let q(y) = -7*y + 4. Let o(n) = 5*q(n) - 2*u(n). Give o(-8).
10
Let u(k) = -k**2 - 7*k. Suppose -25 = 45*p - 40*p. Give u(p).
10
Let f(i) = -2*i + 12. Suppose -u = -p + 2*u + 3, -4*p + 4*u = -4. Let k be -2 + 7 + p + 3. Determine f(k).
-4
Suppose 0 = -w - 10*x + 13*x - 16, -20 = w - 4*x. Let q(a) = -a**3 - 2*a**2 + 7*a - 7. Determine q(w).
-3
Let m(f) = -3*f - 31. Let k = -646 + 634. What is m(k)?
5
Let t(x) be the first derivative of x**5/40 + x**4/8 - 11*x**3 + 2. Let d(k) be the third derivative of t(k). Give d(-3).
-6
Suppose -4 = a - 3*n, -a - 11*n = -7*n - 17. Let m(s) = -s**3 + 4*s**2 + 5*s - 2. What is m(a)?
-2
Let v = -30 - -30. Suppose v = -5*y - 6 - 4. Let i(u) = 3*u + 2. Calculate i(y).
-4
Suppose 29*d - 31*d + 2*f - 10 = 0, -2*d - 19 = f. Let j(b) be the third derivative of -b**4/24 - 11*b**3/6 + b**2. Calculate j(d).
-3
Let t(u) = -7*u**3 + 3*u**2 + 7*u - 1. Let j(w) = 6*w**3 - w**2 - 7*w + 2. Let m(r) = 6*j(r) + 5*t(r). Give m(-10).
-23
Let d(a) = -3*a + 22. Let h be d(7). Let i(u) = 6 + 4 - 4 + h - u**2 - 4*u. What is i(-6)?
-5
Suppose 3*x = -0*t + 5*t + 16, -4*t - 5*x - 35 = 0. Let q(m) = -m**3 - 1 - 1 - 6*m**2 + 5 - 6*m + 0*m**3. Give q(t).
8
Let a(g) be the second derivative of g**3/6 + 3*g**2/2 + 9*g. Let y be a(-5). Let o be 3 + -2 + y + 2. Let m(p) = 2*p. What is m(o)?
2
Let y be 3/2 - 308/(-56). Let n(m) = m**3 - 6*m**2 - 7*m + 10. What is n(y)?
10
Let h be 205/20 + (-21)/84. Let q(d) = -d**2 +